{"id":2,"date":"2019-09-21T07:47:44","date_gmt":"2019-09-21T05:47:44","guid":{"rendered":"https:\/\/www.maresunidos.es\/blog\/?page_id=2"},"modified":"2021-06-27T16:47:39","modified_gmt":"2021-06-27T14:47:39","slug":"sobre-mi","status":"publish","type":"page","link":"https:\/\/www.maresunidos.es\/manualidades\/sobre-mi\/","title":{"rendered":"Creando ideas"},"content":{"rendered":"\n<p>Hola y gracias por pasarte por aqu\u00ed.<\/p>\n\n\n\n<p>Siempre me ha gustado crear cosas y poder regalarlas a las personas queridas. No siempre consigo plasmar mis ideas a la realidad pero otras veces tampoco quedan tan mal.<\/p>\n\n\n\n<p> Hoy quiero abrir una peque\u00f1a ventana y poder mostrarte las cosas que hago y en ocasiones intentar\u00e9 crear un peque\u00f1o tutorial, a trav\u00e9s de fotos, para que si te animas, tu tambi\u00e9n puedas crear estas cositas.<\/p>\n\n\n\n<p>Ya sabes, si tienes alguna duda, objeci\u00f3n o si simplemente te gusta  o interesa alguno de los trabajos, ponte en contacto conmigo a  trav\u00e9s del email: <strong>maresunidos@gmx.es<\/strong><\/p>\n\n\n\n<p><strong>Te agradecer\u00eda que me dejaras alg\u00fan comentario para saber si te gusta lo que has visto y as\u00ed poder mejorar cada nueva idea. Gracias.<\/strong><\/p>\n","protected":false},"excerpt":{"rendered":"<div class=\"mh-excerpt\"><p>Hola y gracias por pasarte por aqu\u00ed. Siempre me ha gustado crear cosas y poder regalarlas a las personas queridas. No siempre consigo plasmar mis <a class=\"mh-excerpt-more\" href=\"https:\/\/www.maresunidos.es\/manualidades\/sobre-mi\/\" title=\"Creando ideas\">[&#8230;]<\/a><\/p>\n<\/div>","protected":false},"author":1,"featured_media":0,"parent":0,"menu_order":0,"comment_status":"closed","ping_status":"open","template":"","meta":{"footnotes":""},"class_list":["post-2","page","type-page","status-publish","hentry"],"yoast_head":"<title>Creando ideas facil manualidades<\/title>\n<meta name=\"description\" content=\"Creando ideas\" \/>\n<meta name=\"robots\" content=\"index, follow, max-snippet:-1, max-image-preview:large, max-video-preview:-1\" \/>\n<link rel=\"canonical\" href=\"https:\/\/www.maresunidos.es\/manualidades\/sobre-mi\/\" \/>\n<meta property=\"og:locale\" content=\"es_ES\" \/>\n<meta property=\"og:type\" content=\"article\" \/>\n<meta property=\"og:title\" content=\"Creando ideas facil manualidades\" \/>\n<meta property=\"og:description\" content=\"Creando ideas\" \/>\n<meta property=\"og:url\" content=\"https:\/\/www.maresunidos.es\/manualidades\/sobre-mi\/\" \/>\n<meta property=\"og:site_name\" content=\"Mis manualidades\" \/>\n<meta property=\"article:modified_time\" content=\"2021-06-27T14:47:39+00:00\" \/>\n<meta name=\"twitter:card\" content=\"summary_large_image\" \/>\n<meta name=\"twitter:label1\" content=\"Tiempo de lectura\" \/>\n\t<meta name=\"twitter:data1\" content=\"1 minuto\" \/>\n<script type=\"application\/ld+json\" class=\"yoast-schema-graph\">{\"@context\":\"https:\\\/\\\/schema.org\",\"@graph\":[{\"@type\":\"WebPage\",\"@id\":\"https:\\\/\\\/www.maresunidos.es\\\/manualidades\\\/sobre-mi\\\/\",\"url\":\"https:\\\/\\\/www.maresunidos.es\\\/manualidades\\\/sobre-mi\\\/\",\"name\":\"Creando ideas facil manualidades\",\"isPartOf\":{\"@id\":\"https:\\\/\\\/www.maresunidos.es\\\/manualidades\\\/#website\"},\"datePublished\":\"2019-09-21T05:47:44+00:00\",\"dateModified\":\"2021-06-27T14:47:39+00:00\",\"description\":\"Creando ideas\",\"inLanguage\":\"es\",\"potentialAction\":[{\"@type\":\"ReadAction\",\"target\":[\"https:\\\/\\\/www.maresunidos.es\\\/manualidades\\\/sobre-mi\\\/\"]}]},{\"@type\":\"WebSite\",\"@id\":\"https:\\\/\\\/www.maresunidos.es\\\/manualidades\\\/#website\",\"url\":\"https:\\\/\\\/www.maresunidos.es\\\/manualidades\\\/\",\"name\":\"Mis manualidades\",\"description\":\"Todas las cositas que me gustan\",\"publisher\":{\"@id\":\"https:\\\/\\\/www.maresunidos.es\\\/manualidades\\\/#\\\/schema\\\/person\\\/aed950d2d0b6c4982f517cfba5ddb641\"},\"potentialAction\":[{\"@type\":\"SearchAction\",\"target\":{\"@type\":\"EntryPoint\",\"urlTemplate\":\"https:\\\/\\\/www.maresunidos.es\\\/manualidades\\\/?s={search_term_string}\"},\"query-input\":{\"@type\":\"PropertyValueSpecification\",\"valueRequired\":true,\"valueName\":\"search_term_string\"}}],\"inLanguage\":\"es\"},{\"@type\":[\"Person\",\"Organization\"],\"@id\":\"https:\\\/\\\/www.maresunidos.es\\\/manualidades\\\/#\\\/schema\\\/person\\\/aed950d2d0b6c4982f517cfba5ddb641\",\"name\":\"maresunidos\",\"image\":{\"@type\":\"ImageObject\",\"inLanguage\":\"es\",\"@id\":\"https:\\\/\\\/secure.gravatar.com\\\/avatar\\\/3f316daf90deb34f5e70fbdf5b98c00f7ad4b86127c38ac62034dac04242792e?s=96&d=mm&r=g\",\"url\":\"https:\\\/\\\/secure.gravatar.com\\\/avatar\\\/3f316daf90deb34f5e70fbdf5b98c00f7ad4b86127c38ac62034dac04242792e?s=96&d=mm&r=g\",\"contentUrl\":\"https:\\\/\\\/secure.gravatar.com\\\/avatar\\\/3f316daf90deb34f5e70fbdf5b98c00f7ad4b86127c38ac62034dac04242792e?s=96&d=mm&r=g\",\"caption\":\"maresunidos\"},\"logo\":{\"@id\":\"https:\\\/\\\/secure.gravatar.com\\\/avatar\\\/3f316daf90deb34f5e70fbdf5b98c00f7ad4b86127c38ac62034dac04242792e?s=96&d=mm&r=g\"}}]}<\/script>","yoast_head_json":{"title":"Creando ideas facil manualidades","description":"Creando ideas","robots":{"index":"index","follow":"follow","max-snippet":"max-snippet:-1","max-image-preview":"max-image-preview:large","max-video-preview":"max-video-preview:-1"},"canonical":"https:\/\/www.maresunidos.es\/manualidades\/sobre-mi\/","og_locale":"es_ES","og_type":"article","og_title":"Creando ideas facil manualidades","og_description":"Creando ideas","og_url":"https:\/\/www.maresunidos.es\/manualidades\/sobre-mi\/","og_site_name":"Mis manualidades","article_modified_time":"2021-06-27T14:47:39+00:00","twitter_card":"summary_large_image","twitter_misc":{"Tiempo de lectura":"1 minuto"},"schema":{"@context":"https:\/\/schema.org","@graph":[{"@type":"WebPage","@id":"https:\/\/www.maresunidos.es\/manualidades\/sobre-mi\/","url":"https:\/\/www.maresunidos.es\/manualidades\/sobre-mi\/","name":"Creando ideas facil manualidades","isPartOf":{"@id":"https:\/\/www.maresunidos.es\/manualidades\/#website"},"datePublished":"2019-09-21T05:47:44+00:00","dateModified":"2021-06-27T14:47:39+00:00","description":"Creando ideas","inLanguage":"es","potentialAction":[{"@type":"ReadAction","target":["https:\/\/www.maresunidos.es\/manualidades\/sobre-mi\/"]}]},{"@type":"WebSite","@id":"https:\/\/www.maresunidos.es\/manualidades\/#website","url":"https:\/\/www.maresunidos.es\/manualidades\/","name":"Mis manualidades","description":"Todas las cositas que me gustan","publisher":{"@id":"https:\/\/www.maresunidos.es\/manualidades\/#\/schema\/person\/aed950d2d0b6c4982f517cfba5ddb641"},"potentialAction":[{"@type":"SearchAction","target":{"@type":"EntryPoint","urlTemplate":"https:\/\/www.maresunidos.es\/manualidades\/?s={search_term_string}"},"query-input":{"@type":"PropertyValueSpecification","valueRequired":true,"valueName":"search_term_string"}}],"inLanguage":"es"},{"@type":["Person","Organization"],"@id":"https:\/\/www.maresunidos.es\/manualidades\/#\/schema\/person\/aed950d2d0b6c4982f517cfba5ddb641","name":"maresunidos","image":{"@type":"ImageObject","inLanguage":"es","@id":"https:\/\/secure.gravatar.com\/avatar\/3f316daf90deb34f5e70fbdf5b98c00f7ad4b86127c38ac62034dac04242792e?s=96&d=mm&r=g","url":"https:\/\/secure.gravatar.com\/avatar\/3f316daf90deb34f5e70fbdf5b98c00f7ad4b86127c38ac62034dac04242792e?s=96&d=mm&r=g","contentUrl":"https:\/\/secure.gravatar.com\/avatar\/3f316daf90deb34f5e70fbdf5b98c00f7ad4b86127c38ac62034dac04242792e?s=96&d=mm&r=g","caption":"maresunidos"},"logo":{"@id":"https:\/\/secure.gravatar.com\/avatar\/3f316daf90deb34f5e70fbdf5b98c00f7ad4b86127c38ac62034dac04242792e?s=96&d=mm&r=g"}}]}},"_links":{"self":[{"href":"https:\/\/www.maresunidos.es\/manualidades\/wp-json\/wp\/v2\/pages\/2","targetHints":{"allow":["GET"]}}],"collection":[{"href":"https:\/\/www.maresunidos.es\/manualidades\/wp-json\/wp\/v2\/pages"}],"about":[{"href":"https:\/\/www.maresunidos.es\/manualidades\/wp-json\/wp\/v2\/types\/page"}],"author":[{"embeddable":true,"href":"https:\/\/www.maresunidos.es\/manualidades\/wp-json\/wp\/v2\/users\/1"}],"replies":[{"embeddable":true,"href":"https:\/\/www.maresunidos.es\/manualidades\/wp-json\/wp\/v2\/comments?post=2"}],"version-history":[{"count":1,"href":"https:\/\/www.maresunidos.es\/manualidades\/wp-json\/wp\/v2\/pages\/2\/revisions"}],"predecessor-version":[{"id":790,"href":"https:\/\/www.maresunidos.es\/manualidades\/wp-json\/wp\/v2\/pages\/2\/revisions\/790"}],"wp:attachment":[{"href":"https:\/\/www.maresunidos.es\/manualidades\/wp-json\/wp\/v2\/media?parent=2"}],"curies":[{"name":"wp","href":"https:\/\/api.w.org\/{rel}","templated":true}]}}